 Suppose -2*h - 346 = -3*r, 109 = 2*r - 2*h - c. What are the prime factors of r?
2, 29
Let t(q) = q**3 + 2*q**2 - 3*q - 1. Let h be t(-3). What are the prime factors of 23/((h/((-20)/8))/2)?
5, 23
Suppose -p = 3*o - 3174, 0 = -27*p + 24*p - 3*o + 9510. List the prime factors of p.
2, 3, 11
Let n(o) = 0*o**2 + 6*o + 6 + 12*o + 3*o**2 + 6. What are the prime factors of n(-9)?
3, 31
Suppose 2*p = 5*s + 30, -2*s + 4*s = 2*p - 12. Let b be 84*s/(-8)*2. Suppose 3*m = 5*m - b. List the prime factors of m.
3, 7
Let h = -3 + 14. Let i(r) be the first derivative of -r**4/4 + 11*r**3/3 + 2*r**2 - 3*r + 2. List the prime factors of i(h).
41
Suppose 7*y - 17*y = -18000. Suppose 0 = 24*p - 30*p + y. List the prime factors of p.
2, 3, 5
Let u be (0 - -11)/(2 + -3). Let a = -11 - u. Suppose 7 + a = g + 3*s, 4*g = 4*s + 60. List the prime factors of g.
13
Suppose 51 + 78 = 3*m. Let w be (-5 - -4)*-1 + 4. Suppose r + 2*r = -w*x + m, 4*r = 3*x + 38. List the prime factors of r.
11
Suppose -3*l + 1796 + 37 = 0. What are the prime factors of l?
13, 47
Let y(g) = g**2 + 5*g - 10. Let s be y(8). Let w = s + -44. What are the prime factors of w?
2, 5
Let c be (-4)/(-16) + (-15)/12. List the prime factors of 50 - 15 - (c + 5).
31
Suppose -4*d + 0*d = 4*z - 5832, -2*z - 3*d = -2913. What are the prime factors of z?
3, 487
Let h(a) = a**2 + 10*a - 26. Let o be h(-12). List the prime factors of o/3 - 771/(-9).
5, 17
Let m(y) = 4*y**3 - 8*y**2 + 14*y - 132. List the prime factors of m(7).
2, 11, 43
Let r(n) = 3*n - 8. Let b be r(-6). Let v be b/143 + 4/22. Suppose -j + 4*c + 60 = v, 3*j + 3*c - 39 = 2*j. What are the prime factors of j?
2, 3
Suppose c + h = 3*h + 2, -3*h = -3*c + 12. Suppose -517 - 491 = -c*r. What are the prime factors of r?
2, 3, 7
Suppose -3*p = 4*z - 1, -4*p + 5*z + 2 - 11 = 0. List the prime factors of 20/7*(8 + p).
2, 5
Suppose -11*w - 2327 + 11358 = 0. List the prime factors of w.
821
Let s(j) = 2*j + 16. Let x be s(-7). Let v = x - -39. List the prime factors of v.
41
Let n = 93 - 144. Let i be (-3 + n/(-15))*5. Suppose c = -5*w + 59, -3*w + i*c - 11 = -49. What are the prime factors of w?
2, 3
Suppose -6*t - 289 = -301. What are the prime factors of t?
2
What are the prime factors of (-7 - 1) + (175 - -2533)?
2, 3, 5
Let j(g) = g**3 + 6*g**2 - 2*g - 7. Let q be j(-6). Suppose 5*k + 53 = s - 0*s, -61 = q*k + 3*s. Let p(z) = -5*z - 5. List the prime factors of p(k).
2, 5
Suppose -3*s - 21 = -3*u, -34 = 2*s - 0*u + 2*u. Let z = s + 14. Suppose -4 = -z*v - 0, -40 = -r + 2*v. What are the prime factors of r?
2, 11
Let j = 281 + 226. What are the prime factors of j?
3, 13
Let c = 1839 - 764. What are the prime factors of c?
5, 43
Suppose -24*v + 20*v = 0. Suppose v = w + 7*w - 584. What are the prime factors of w?
73
Let b(d) = d + 4. Let t(k) = -k - 3. Let x(j) = 5*b(j) + 6*t(j). List the prime factors of x(-10).
2, 3
Let n(f) = -f**3 + f**2 - f - 3. Let o = 2 + -5. Let t be n(o). List the prime factors of (-1)/((-38)/t - -1).
2, 3
Suppose h - 14398 = -3*x, 4806 = -10*x + 11*x - 3*h. List the prime factors of x.
2, 3, 5
Let c = -3 + 29. Suppose 0 = -23*i + c*i - 534. What are the prime factors of i?
2, 89
Suppose 18*b - 21695 = 2911. What are the prime factors of b?
1367
Suppose 7*b = 2*b - 20, 2*j + 5*b - 182 = 0. What are the prime factors of j?
101
What are the prime factors of (-924)/(-165) + (-3)/5?
5
Let k = 7 - 3. Suppose -k*l + 17 = -3*l. What are the prime factors of l?
17
Let u = 3496 + -1370. List the prime factors of u.
2, 1063
Let g(o) = 2*o**2 - 30*o + 35. Let d be g(15). What are the prime factors of (-1)/(-5) - (48104/d)/(-8)?
2, 43
What are the prime factors of 37/(-4*(-5)/760)?
2, 19, 37
Let z = -78 + 163. Suppose 4*o - 40 - 204 = 0. Let l = z - o. List the prime factors of l.
2, 3
What are the prime factors of ((-18)/(-6))/(-3) - -298?
3, 11
Let p = 1396 - 482. What are the prime factors of p?
2, 457
Suppose 4762 = 3*w + 2*i, -10*w + 12*w - i - 3177 = 0. What are the prime factors of w?
2, 397
Suppose 112 = k - r - 28, -3*k + 390 = 3*r. Let z = k + -61. What are the prime factors of z?
2, 37
Suppose -5*u = 3*a - 184, u + 127 = -5*a + 419. List the prime factors of a.
2, 29
Let n be 6/((-3)/((-21)/2)). Suppose 4*p + 2*w - w + 23 = 0, -p = 5*w + 20. Let r = p + n. What are the prime factors of r?
2
Let a(j) = -65*j**2 + 5. Let t(y) = -y**3 + 17. Let o be t(0). Let v(k) = 194*k**2 - 14. Let x(l) = o*a(l) + 6*v(l). What are the prime factors of x(-1)?
2, 3, 5
Let d = 1700 + -1004. What are the prime factors of d?
2, 3, 29
List the prime factors of ((-349)/(-1))/(((-24)/16)/(-3)).
2, 349
Suppose -3729 = -3*q + 1506. What are the prime factors of q?
5, 349
Let b(m) = -4*m**3 + 100*m**2 + 34*m + 19. What are the prime factors of b(25)?
11, 79
Suppose -129*h = -99*h - 113160. What are the prime factors of h?
2, 23, 41
Suppose 3*f - 8*f = 0. Suppose f = 5*i + c - 28, -4*c - c + 30 = 3*i. Suppose i*k + 31 = 6*k. What are the prime factors of k?
31
Let k(g) be the first derivative of 25*g**3 + 7*g**2 + 2*g - 12. What are the prime factors of k(-2)?
2, 137
Suppose -2*u + f = -3106, 3*f - 7*f + 16 = 0. List the prime factors of u.
5, 311
Let s = -36 + 29. Let a(z) = z**3 + 9*z**2 + 8*z - 13. What are the prime factors of a(s)?
29
Let o be 2/(-4) - (-33)/2. Suppose 0 = -4*z - 2*p + 18, 3*z - 2*p - 15 = o. Suppose -5*t + 27 = z. What are the prime factors of t?
2
Let v be ((-28)/8 + 3)/(1/(-6)). Suppose d = v*d - 38. What are the prime factors of d?
19
Let w(l) = 134*l**2 + 3*l - 1. Let i be 39/13*1/3. What are the prime factors of w(i)?
2, 17
Suppose 3705 = 5*k - 5*m, 3*k - 4*m - 738 = 2*k. List the prime factors of k.
2, 7, 53
Suppose 4*i + i - 20 = 0, -5*l - 4 = -i. Let b(w) = -2*w**2 - w + 64. List the prime factors of b(l).
2
Let d = 25 + -24. Let y be (1 - d) + -1 - 0. What are the prime factors of 2/4*(y + 63)?
31
Let u be 0*(-3)/(-3 + 9). Suppose u = -5*t - 5*d + 20, 4*t - 32 = 7*d - 3*d. Suppose 27 = -3*p + t*p. What are the prime factors of p?
3
Let p(q) be the second derivative of q**7/2520 + q**6/720 + 5*q**4/12 + 3*q. Let b(d) be the third derivative of p(d). What are the prime factors of b(3)?
2, 3
Let g be (3 + 0)/(12/16). Suppose 5*o - 61 = g*b - 448, 2*b - 4*o - 198 = 0. What are the prime factors of b?
3, 31
Let h be 128/22 + 6/33. Let a(p) = p**2 - 4*p - 6. Let q be a(h). Suppose 0 = q*i - 10*i + 128. What are the prime factors of i?
2
Suppose 10 = 2*v, -3*u + 3*v + 3696 = -0*v. Suppose 11*p - 39 - u = 0. List the prime factors of p.
2, 29
Suppose -2*d = d - a - 14, 5*a = -4*d + 6. Let c(q) be the third derivative of q**5/60 + q**4/24 - q**3/3 + 4*q**2. What are the prime factors of c(d)?
2, 3
Suppose 43*l = 17*l + 19058. List the prime factors of l.
733
Suppose 3*b + 2*s = 4*b - 289, -2*b + 3*s + 583 = 0. What are the prime factors of b?
13, 23
Suppose 2*f - 3*f + 2 = 0. List the prime factors of ((-826)/35)/(f/(-10)).
2, 59
Let t(c) = -c**3 - c**2 - 2*c - 4. Let o be t(-2). Suppose 0 = -o*x - x + 10. Suppose -6*h + 252 = -x*h. List the prime factors of h.
3, 7
Suppose 19 = 2*z + 13. Suppose -v - z*o + 223 = -8*o, -3*o - 229 = -v. List the prime factors of v.
2, 7, 17
Let p(r) = -r**3 + r**2 - r. Let j be p(1). Let i be (j - -2)*(10 - 10). Suppose 4*g + 5*t - 23 = i, g - 4*t - 8 = 2*g. List the prime factors of g.
2, 3
Let y = -8 + 12. Suppose y*g + 3 = -1. What are the prime factors of (g - 2)/((-12)/16)?
2
Let g be (-10)/(-40) + (-13)/4. Let n be (g - (-3)/(-4))*4. Let z = n - -38. What are the prime factors of z?
23
Let x be 0*(-2)/4 - -4. Suppose -7 - 1 = -x*b. Suppose b*h + 8 = 60. List the prime factors of h.
2, 13
Suppose -4*k + 14 = -2*m, 0 = -3*m - 2*k + k. List the prime factors of m/4 + (-3537)/(-36).
2, 7
List the prime factors of 4*(-14)/8 - -623.
2, 7, 11
Let t(b) = b**3 - 13*b**2 - 10. Let o be t(13). Let h(z) = z**3 + 10*z**2 - 5*z - 15. List the prime factors of h(o).
5, 7
Suppose d - 3 - 32 = 0. Let p be d + -3*(4 + -3). Let y = p + -7. List the prime factors of y.
5
Suppose 8*a - 98 = -466. Let m = a - -280. What are the prime factors of m?
2, 3, 13
Suppose -b - 8 = 3*b. Let c = 1 + b. Let w = c + 24. What are the prime factors of w?
23
Let r = 136 + -131. Let u(a) = a + 1. Let j be u(-1). What are the 